3 + -11))?
36
1 + -48 + 50 + 36
39
What is 18 + 15 + 11 + -18 + 22?
48
(23 - 5 - (-77 + 85)) + 0 + 39
49
Calculate -12 + 2 - ((22 - (43 + -33)) + (-2 - 2)).
-18
Evaluate 380 + -455 + (0 - 7 - (-30 + 24)).
-76
75 + (36 - (72 + -67))
106
Evaluate -9 - (-11 + 3) - (-20 - -12 - (-5 + -11)).
-9
What is 4 + -11 - 1 - (-22 - (31 + 0))?
45
-88 + 44 - -40 - (0 + -36)
32
What is 3 + 32 + -31 + -1 + -94 + (40 - 44)?
-95
Evaluate 14 - (31 - 33 - -10) - (-16 - 0).
22
What is the value of (293 - 281) + (20 - (13 + -22))?
41
Calculate (-1 - 11) + 0 + (36 - (-212 + 200)).
36
Evaluate (1 - -103) + 8281 + -8405.
-20
(-48 - 10) + 84 + (-47 - -7)
-14
What is -8 + 1 - (40 - (36 - -20) - -80)?
-71
What is (8 - 19) + -58 + (-3 - (-12 - (-8 + 0)))?
-68
What is the value of -89 + (27 - -14) + 11 + 93?
56
Evaluate -82 + (-6 + -28 - -75).
-41
What is the value of 109 - (23 + (-23 - 47 - -40))?
116
What is (9 + -25 + -4 - -8) + -17?
-29
Calculate 16 + (18 + -34 - -12) - (-2 + -1).
15
-9 - -4 - 6 - (14 + -24)
-1
(-11 - -1) + -30 + -9
-49
-78 + 84 - (-1 + 2 - (-127 - -57))
-65
20 + -7 - 5 - (20 + -6) - 11
-17
What is 4 - (-4 - 1 - (37 + -28 - 58))?
-40
Calculate (-128 - 77) + 153 + -18.
-70
Calculate (1416 - 1264) + -63 + 0.
89
(11 - (1 - 4)) + 17 + -9 + -20
2
-254 + 235 - (7 - -32)
-58
Evaluate (45 - 129) + (-146 - -212).
-18
Evaluate -58 + (37 - 10 - -2).
-29
Calculate 46 + (4 - -2) + -14 - (-39 + 51).
26
What is 20 - (16 - (7 - -25))?
36
What is the value of (-25 + 14 - -34) + -41 - (-13 - 37)?
32
What is the value of (-2 - 11) + -129 + 217?
75
What is the value of -30 + 90 + 7 + -51 + 50?
66
What is the value of 1 + 21 + (20 - -39) + -67?
14
Calculate -5662 + 5632 + (1 + -1 - (10 - 0)).
-40
Calculate 9 + 7 + -7 + (-2 - -59) + (-13 - -9).
62
Evaluate (-6 - (-46 - -21)) + -50.
-31
What is the value of 0 + -57 + (-15 - (17 - 11) - -12) + 21?
-45
(23 - 1) + 0 + 9 + 8
39
Calculate (415 - 448) + (16 - 1) - -4.
-14
Evaluate (-595 - -599) + 1 + -17 - 32.
-44
What is -2 + 11 + (-2 - (3 - (27 - 7)))?
24
Evaluate -54 + (-3 + -5 + 3 - (-34 - -31)).
-56
What is the value of 5562 - 5617 - (-9 + -1)?
-45
Calculate -23 + -8 + 3 - -28 - 45.
-45
What is the value of 50 + (-126 - (71 - 204))?
57
What is the value of 28 - (8 + (4 + 0 - (13 - (-20 - -30))))?
19
Evaluate 4 - (-55 - 2 - (14 + -23) - -17).
35
Calculate -18 - (43 - 53) - 30.
-38
Calculate -22 - (65 - 104) - (0 + -39).
56
Calculate (47 - -14) + -99 + 82.
44
What is the value of (-12 - 3) + (88 - 103)?
-30
Calculate -116 + 33 + -17 + 9 + -12 - -5.
-98
-7 + (8 - (10 + 51)) - (41 - 46)
-55
What is the value of 2 + 43 + -16 + -16?
13
-8 + 0 + -1 - ((4 - -2) + (-41 - -23))
3
Calculate 12 + -62 + (-10 - (-13 - -16)) + 12.
-51
Calculate (-5 - (-1 - -11)) + (-22 - -26 - 1) - 1.
-13
Evaluate 36 + 6 + -11 + (10 - 14).
27
-15 - (-47 + (67 - 35))
0
Evaluate 13 - (-8 - (13 + 8) - -22).
20
Calculate 26 + -76 + 25 + 4.
-21
Evaluate (-6 + 2 - -4 - 3 - (-8 + -1)) + 43.
49
What is 83 + -1 - (-246 + 217 - (-39 + -6))?
66
What is the value of 51 - (-1 + -5) - (-3 + -8 + 17 + -16)?
67
What is 10 + -1 - (-1 + (3 - -7) + 118 + -100)?
-18
Calculate -5 + (1 - (-17 - (8 - (0 - -7)))).
14
What is the value of -13 - (-45 + 101 - 45)?
-24
What is the value of 3 + 17 + 27 + -30 + (-38 - -34)?
13
(-12 - ((0 - 2 - 4) + 102)) + -20 + 31
-97
What is (-3 - 7) + ((-4 - 17) + -27 - -16)?
-42
What is the value of (-15 - -85) + (-206 - -149)?
13
Calculate 96 + -18 + (16 - (-6 + 18 - 3)).
85
What is (-25 - -17) + (-42 - -17) + -39?
-72
What is -1 + 4 + 6 - (15 - 6) - 3 - -106?
103
What is (36 - 14 - 145) + 38?
-85
Calculate 16 - (216 - 135 - (1 + 2)).
-62
Evaluate (-1 + 2 - (-1 + 27) - (672 + -680)) + 5.
-12
What is -4 - (44 + 34 - ((5 - 10) + 19))?
-68
Evaluate (-11 - (22 + 3 + 3)) + -6.
-45
Calculate 3 + 11 + (-6 - -2 - -1) + -159 + 212.
64
Evaluate 6 + -144 - (-230 + 154).
-62
What is the value of (-9015 - -9025) + -1 + -74?
-65
What is the value of -12 + (-47 - (-58 - 51))?
50
Evaluate -130 + -131 + 191 - ((-1 - -3) + (2 - 5)).
-69
Calculate 31 + -25 - (196 - 193).
3
Evaluate -55 + (-57 - (-276 - -96)).
68
(228 - 100) + -37 - 98
-7
What is 53 - -70 - (1 - ((-1 - 21) + (36 - 27)))?
109
What is 40 + -8 + -76 + -65?
-109
((-12 - (5 - 8)) + 20 - -47) + 0 + -2
56
(-3 + -63 - 4) + 108
38
What is the value of -11 - (-19 + 7 + -7) - (4 + (7 - 2))?
-1
Evaluate -48 + (0 - -2) + 0 + (12 - -55) + -66.
-45
Evaluate (26 - -41) + (-155 - -19).
-69
Calculate 32 + -72 - (31 - 76) - (0 - -19).
-14
55 - (34 - -53 - 55)
23
Calculate (15 - 72) + 26 - 10.
-41
What is the value of -14 + 18 + (-10 + 40 + -24 - (-9 + -1))?
20
What is (11213 - 11285) + (0 - 17)?
-89
Evaluate 1 - 34 - (-375 + 352) - 9.
-19
Calculate 77 + (4 - (-2 - -3) - -7) + 10 + -10.
87
(6853 - 6863) + (-1 - (-1 - -1)) + -40
-51
Calculate -42 - ((-41 - -22) + -35).
12
What is 32 - (-2 + -31 - (-640 + 630))?
55
(-93 - -1) + 82 + 89
79
What is the value of -6 - (6 + (9 - 26)) - 2?
3
What is the value of 76 - (-26 - (104 + -168))?
38
What is 23 + (22 - (21 + -36 + -18))?
78
Calculate -8 + (-86 - -85 - (-98 - (3 - (-8 + 7)))).
93
Evaluate (-56 - (1 + -2 + -1)) + (-1914 - -1895).
-73
What is -55 + (70 - 51 - 30)?
-66
What is (-34 - -16) + 2 + -14 + 34 + -12?
-8
What is the value of -1 + -15 + 53 + -22 + 21?
36
Evaluate 0 + -32 + -4 - (2 - 7 - 1).
-30
Evaluate -17 + (340 - 351 - (5 - 0)) + -5.
-38
Calculate 39 + -47 - (-26 + -18).
36
What is -10 - (-40 + 12) - (32 - -2)?
-16
Evaluate 73 - ((-22 - (-37 + 8)) + 9).
57
What is (-20 + 26 + -12 - 4) + 21 - 64?
-53
What is the value of (40 - 41) + -32 + (0 - -2) - (1 - -8)?
-40
4 + (15 - ((-4 - 2) + -7 + (-81 - -23)))
90
What is the value of 58 + 0 - (-15 - (-18 + (2 - -6) + -1))?
62
Calculate 8 + 43 + (5 - 1) + -34 + 31 + -7.
45
Evaluate 94 + -78 - (1 - -2 - -32).
-19
Calculate -4 - 1 - (-25 + 14 + (-4 - 5) + 5).
10
Calculate 71 - (-50 - -130 - 37).
28
Evaluate 24 + -226 + (245 - 128).
-85
What is -10 - (-5 + (-7 - (-9 - (1 - 0))) - -7)?
-15
Evaluate -21 + (5 + 37 - 20) + -4 + -16.
-19
What is the value of (1 - ((-1 - 95) + 1)) + 15 + -58 + 33?
86
What is (28 - 0) + (-15 - ((-3 - -7) + 3)) + 10?
16
What is (171 - 180) + 0 + -3 - -7?
-5
What is (18 + 9 - 15 - (-1 + 14)) + 5 + 0?
4
6 + 7 + (-36 + 9 - 32)
-46
Evaluate 2018 - 2021 - (5 - 2 - (-1 + 13 + -2)).
4
Evaluate 33 - (0 + 19) - (6 + 2 + 2).
4
What is -99 - (-32 + 44 + -45) - -17?
-49
What is the value of 89 - (55 - 57) - 81?
10
Calculate 13 - 36 - -37 - 36.
-22
What is the value of (-19 + 0 - 4) + (-28 - (2 - 38))?
-15
What is the value of 25 + 9 + -38 - -5 - 22?
-21
Evaluate -57 - (-5 + 19 + -1 + -6 + 4 + -14).
-54
What is (-10 + -20 + 11 - 5) + (6 - -76)?
58
47 + (62 - 147) - (1 - 38)
-1
What is the value of -1 - 13 - (76 + -88 + -22)?
20
What is the value of ((30 - 5) + -11 + 24 - 28) + 7 + -1?
16
Calculate 0 - -24 - (-67 + (69 - 6)).
28
Evaluate (-1 - 65) + (69 - (57 + 40)).
-94
What is -122 + (1 - 1) + -178 + -72 + 166 + 79?
-127
Evaluate 47 - (9 - 23) - 48.
13
(107 - (315 + -217)) + (0 + 3 - 0) + -3
9
Evaluate -1 - -7 - -1 - (32 - (-42 - -19 - -64)).
16
Evaluate 25 + (-69 + 142 - 142).
-44
Calculate -127 + 120 - (1 + -36) - 17.
11
What is the value of (-7 - -1) + 32 + 22 + -30?
18
Calculate 2 + -13 + 332 + -333 + (0 - -9).
-3
What is -37 - (-39 + 35 + -17 + 17)?
-33
What is (-276 - (-125 - 96)) + 10 + (-1 - 0)?
-46
What is ((-14 - 2) + 0 + 2 - 2) + -23?
-39
Evaluate (-24 + 20 - (2 - (-1 - 4))) + -18.
-29
What is 216 + (142 - 366) - (0 + -5)?
-3
Calculate 10 + (-2 - -2) - (42 - 27 - 39) - 4.
30
What is the value of (-6 - (0 + 7)) + -1443 + 1429?
-27
What is the value of -51 + -34 + 107 - (-25 - -2)?
45
Calculate 51 + -2 - (240 - 235 - (0 + 14)) - 1.
57
Calculate -1 + (2 + -5 - -36).
32
Calculate -58 + (-87 - -140) + (-2 - 3).
-10
Evaluate 24 + -58 + (-25 - -49).
-10
What is 25 + (18 - (119 + (42 - 37)))?
-81
-13 + (-1 + 7 - 0) + 5 + 40 + -41
-3
What is 26 + -61 + (18 - -22)?
5
Calculate -27 + (54 - 27 - -10) + -1 + 0 - 64.
-55
-32 + (19 - (7 - -29)) + (-2 - -11)
-40
What is -63 + (-1 - 0) + 58 + (-99 - -61)?
-44
What is 1 + 3 + 0 + -397 + 433?
40
-37 + 2 + -1250 + 1332
47
-1 - (-19 - 2) - (28 - 6) - 3
-5
Calculate (-55 - ((3 - 17) + (-17 - (-4 + -21)))) + 13.
-36
Calculate 159 - 159 - (-47 - -5).
42
What is the value 